by 9?
7
Calculate the remainder when 10 is divided by (1 + -11)*(-24)/60.
2
Let a(w) = w**2 + w + 26. Let n(c) = -c**3 - 5*c**2 - 3*c + 1. Let u be n(-4). Let q = 3 + u. What is the remainder when a(q) is divided by 14?
12
Suppose -5*x - 41 = -4*x. Let v = x - -62. Let y = -513 + 519. What is the remainder when v is divided by y?
3
Let g(y) be the second derivative of y**5/20 - 5*y**4/12 - 3*y**3/2 + 7*y**2/2 - 9*y. Calculate the remainder when g(7) is divided by 9.
6
Let o(l) = l - l + 11*l**2 + 2*l**2 + 1. Calculate the remainder when o(-2) is divided by 18.
17
Suppose -4*t + 42 = 2*q, 6 = -4*t + 3*t + 5*q. Calculate the remainder when ((-138)/(-10) - 0) + (-4)/(-20) is divided by t.
5
Let a = -278 + 107. Suppose g + 11 = 2*g. Calculate the remainder when ((-2)/6)/(3/a) is divided by g.
8
Suppose s - 6 = -t, 4*s = -6 - 6. Let l = t - -17. Calculate the remainder when l is divided by 7.
5
What is the remainder when 25 is divided by (-2)/(-1)*-1 + 18/3?
1
Let i = 8 + -3. Suppose -5*w = 4*k - 4*w + 25, 5*w + 50 = -i*k. Calculate the remainder when 21 is divided by 12*((-10)/4)/k.
3
Suppose 145*t - 154*t = -81. Suppose -i = 4*i - 145. Suppose -5*q - 2*f = -i, -f + 4 = 2. Calculate the remainder when t is divided by q.
4
Let n(k) = 2*k**2 - 7*k - 1. Let a be n(5). Suppose -2 = 4*i - a. What is the remainder when 7 is divided by i?
1
Let r(u) = 161*u + 6. What is the remainder when r(1) is divided by 57?
53
Let t = 10 - -8. Calculate the remainder when t is divided by 5.
3
Let v(u) = -u**2 + 15*u + 2. Let q be v(8). Let g = 96 - q. Calculate the remainder when g is divided by 13.
12
What is the remainder when (1 - -149)/(-12 + 14) is divided by 19?
18
Let v(d) = -2*d - 19. Calculate the remainder when 28 is divided by v(-15).
6
Let c(h) = h + 10. Let z be c(-6). What is the remainder when ((-6)/z)/((-12)/304) is divided by 2/4 - 78/(-4)?
18
Suppose 5*r - 28 = r. What is the remainder when 20 is divided by r?
6
Let z(h) = -22*h - 59. What is the remainder when z(-9) is divided by 36?
31
Let v(t) = t**2 - 7*t + 2. Let h(c) = -c**3 + c**2 + c + 7. Let b be h(0). Let w be v(b). Suppose -k = -w*k + 25. What is the remainder when k is divided by 14?
11
Let r(i) be the third derivative of i**4/24 + 2*i**3/3 + 5*i**2. Calculate the remainder when 23 is divided by r(9).
10
Suppose 54 = 5*x - 1. Let u = -5 + 48. Calculate the remainder when u is divided by x.
10
Suppose 304 = 5*z - 0*a + a, 2*z - 4*a - 104 = 0. Calculate the remainder when z is divided by 21.
18
Calculate the remainder when 31 is divided by (-72)/108*(1 + -19).
7
Let z(b) = 16*b + 1. Let d be z(5). Let l = d - 38. Calculate the remainder when l is divided by 11.
10
Let b(w) = -w**3 + 6*w**2 + 11*w + 7. What is the remainder when b(7) is divided by 13?
9
Let p = 14 - 8. Suppose 3*v - p = 6. Calculate the remainder when (-16)/(-3)*(-1 + v) is divided by 9.
7
Let n(f) = f**2 - 13*f + 32. What is the remainder when 16 is divided by n(11)?
6
Let b(v) = -12*v - 35. Calculate the remainder when 68 is divided by b(-6).
31
Suppose -2*l + 6 + 4 = 0. Calculate the remainder when 22 is divided by l.
2
Let j be ((-85)/(-4))/(2/(-8)). Let o = j + 123. Calculate the remainder when o is divided by 13.
12
Let l(m) = -m. Let f be l(-1). Suppose 3*p = x + f, -7*p + 2*p + 5*x - 15 = 0. Calculate the remainder when p is divided by 2.
0
Let x be (-1 - (-2 + 2)) + 2. Suppose -l = c + x + 3, -5*c = 4*l + 21. Suppose 7*r - 10*r = -6. Calculate the remainder when r is divided by l.
0
Suppose 5 = -5*l, -5*z + 0*z + 5*l = -140. What is the remainder when 128 is divided by z?
20
Suppose 5*b - 60 = b. Suppose 127 + 49 = 4*d. Calculate the remainder when d is divided by b.
14
Let p(o) be the second derivative of -5*o**3/3 - o**2/2 - 2*o. What is the remainder when p(-5) is divided by 17?
15
Let w = -58 - -207. What is the remainder when w is divided by 17?
13
Suppose -3*c + 5*i = -2 - 2, -10 = 5*c - 5*i. Let k(h) = -h**3 - 7*h**2 - 6*h + 5. What is the remainder when k(c) is divided by 16?
15
Suppose -u + 0 = -2. Suppose 0 = -3*t - u*t + 2*a + 34, -38 = -4*t - 2*a. Calculate the remainder when 15 is divided by t.
7
Suppose 7*g - 160 = 3*g. Calculate the remainder when 197 is divided by g.
37
Suppose 0 = 5*x - 54 - 26. Let y be ((-80)/(-4))/(-2) + -1. Let s = x + y. Calculate the remainder when 8 is divided by s.
3
Suppose -4 = -5*v - 3*h, 0 = 4*v - 4*h - 17 + 1. Calculate the remainder when 20 is divided by 1/(-2)*(-28)/v.
6
Calculate the remainder when 84/15 - 9/15 is divided by 4.
1
Let n(q) = -11*q - 1. Let r be n(4). Calculate the remainder when 245/9 + 10/r is divided by 10.
7
Let x(b) = b + 71. Let o(p) = p - 3. Let q be o(3). Suppose 0*r - 6*r + 144 = q. Calculate the remainder when x(0) is divided by r.
23
What is the remainder when 0 - -21 - (22 - 19) is divided by 4?
2
Suppose 40 = 2*z + 3*z. Let y = 0 + 3. Let l = y + z. Calculate the remainder when 32 is divided by l.
10
Suppose 210 = 11*m - 9*m. Suppose -2*x + k - 9 = -62, -2*x - 3*k = -57. Calculate the remainder when m is divided by x.
24
Suppose -p = 121 - 134. Calculate the remainder when p is divided by 10.
3
Let i(b) = -4*b + 2. Let p be i(-4). Let h = p + -13. Suppose -39 = -3*u + a, -5*a - 13 = -u - 0*a. What is the remainder when u is divided by h?
3
Suppose 14*m - 649 - 779 = 0. Calculate the remainder when m is divided by 21.
18
What is the remainder when 1*5/5*34 is divided by 9?
7
Let g(m) = -4*m - 3. Suppose -4 = w + 2*a - 0, -4*a = 3*w + 16. What is the remainder when g(w) is divided by 15?
14
Let n = 25 - -12. Let t(i) = -i + 19. What is the remainder when n is divided by t(6)?
11
Let a(r) = r**3 + 9*r**2 + 7*r + 11. What is the remainder when 87 is divided by a(-8)?
11
Let v(t) = -4*t - 3. Let j be v(-2). Suppose -2*b = j - 13. Suppose 5*f - f - 3*o - 20 = 0, f - b*o - 5 = 0. What is the remainder when f is divided by 2?
1
Let x = 6 + 0. What is the remainder when (-165)/5*(-4)/x is divided by 8?
6
Suppose 2*r - 79 = 95. Let m(l) = -l**2 - 17*l - 8. Calculate the remainder when r is divided by m(-15).
21
Let z(x) = -x**2 + 2*x + 4. Let w = -4 + 7. Let c = -26 + 27. Calculate the remainder when z(w) is divided by c.
0
Let m be 3/9 + 356/(-6). Let b = -19 - m. What is the remainder when b is divided by 21?
19
Let l(g) = g**3 - 5*g**2 - 3*g - 5. Calculate the remainder when 22 is divided by l(6).
9
Let l(m) = -m**3 + 6*m**2 + m + 3. Suppose 0 = -h + 2*n - 3, 29 = 4*h + 3*n - 3. Calculate the remainder when l(6) is divided by h.
4
Suppose -2 + 3 = -2*t - i, i = -3*t + 1. Let z be (3*1)/(t/(-18)). What is the remainder when 8 is divided by z/(-6) + 2/4?
3
Let g be 54*2 + 1 - 2. Let a(l) = 2*l + 31. Let b be a(-13). Suppose -4*o + o + 5*c = -49, -b*o = -2*c - g. Calculate the remainder when 67 is divided by o.
21
Let c = -2 - -2. Suppose 2*s + c*s - 6 = 0. Let p(l) = -l**3 + 5*l**2 - 5*l + 6. What is the remainder when s is divided by p(4)?
1
Suppose -5*h = -3*h - 26. Let u = -11 - -48. What is the remainder when u is divided by h?
11
Let w(v) = 3*v - 7. Let i = 6 - -37. What is the remainder when i is divided by w(6)?
10
Let t(k) = -1 + 4 - 12*k + k**3 - 2*k**2 + 3 - 5*k**2. Let g be t(8). Let w = 57 + g. What is the remainder when w is divided by 16?
15
Let y be ((-28)/10 - -2)*-30. Suppose 3*b + 16 = 7*b. What is the remainder when (-2)/(-8) - (-138)/y is divided by b?
2
Suppose 0 = 2*d + 3*f, -f = -0*d - d. Suppose -2*s = -2*m - d*s + 248, -3*m + 5*s = -368. Let w = m - 87. Calculate the remainder when w is divided by 20.
19
Let w(r) = -r**3 + 8*r**2 - 8*r + 10. Let l be w(7). Let x(z) = -z**3 - z**2 + z - 2. What is the remainder when -2 + l/(3/40) is divided by x(-3)?
12
Suppose -7*d = -6*d + 1. Let a(o) = -5*o**3 + o**2 + o + 1. Calculate the remainder when 11 is divided by a(d).
5
What is the remainder when (-188)/6*6/(-4) is divided by 9/2*16/3?
23
Let w(a) = -4*a - 2. Let v be 55/(-22) - 1/2. Calculate the remainder when 29 is divided by w(v).
9
Let a(v) = 4*v**2 - v. Let o(j) = j**3 + 5*j**2 - 7*j - 7. Let q be o(-6). What is the remainder when a(q) is divided by 2?
1
Let y = 7 + -11. Calculate the remainder when 4 is divided by (-6)/(-4) + 2/y.
0
Let b(c) = c**2 + 3*c - 3. Let k(x) = -3*x - 8. What is the remainder when b(-7) is d